inder when 449694 is divided by 453.
318
Calculate the remainder when 45738752 is divided by 2938.
2906
What is the remainder when 2748729 is divided by 104?
9
What is the remainder when 4664 is divided by 627?
275
What is the remainder when 10894949 is divided by 2488?
2485
Calculate the remainder when 1932479 is divided by 288.
287
Calculate the remainder when 9159344 is divided by 8481.
8345
Calculate the remainder when 46120 is divided by 1513.
730
What is the remainder when 699716 is divided by 230?
56
Calculate the remainder when 6111951 is divided by 484.
483
Calculate the remainder when 5070119 is divided by 1837.
1836
What is the remainder when 20996080 is divided by 287?
21
Calculate the remainder when 1604828 is divided by 687.
683
Calculate the remainder when 10372753 is divided by 301.
293
Calculate the remainder when 29577 is divided by 3303.
3153
What is the remainder when 2736600 is divided by 2347?
2345
What is the remainder when 5376062 is divided by 629?
628
What is the remainder when 16477295 is divided by 97?
2
Calculate the remainder when 936239 is divided by 83.
82
Calculate the remainder when 225888 is divided by 1086.
0
What is the remainder when 179532 is divided by 116?
80
Calculate the remainder when 5504474 is divided by 11564.
10
Calculate the remainder when 174466 is divided by 58131.
73
Calculate the remainder when 993474 is divided by 8948.
246
Calculate the remainder when 247622 is divided by 737.
727
What is the remainder when 7581956 is divided by 15?
11
Calculate the remainder when 136031 is divided by 330.
71
What is the remainder when 1037481 is divided by 1508?
1485
What is the remainder when 36669863 is divided by 181?
168
What is the remainder when 50142299 is divided by 989?
988
What is the remainder when 19682338 is divided by 678?
676
Calculate the remainder when 82955325 is divided by 30.
15
Calculate the remainder when 20288731 is divided by 38.
37
Calculate the remainder when 1110235 is divided by 392.
91
What is the remainder when 570863946 is divided by 501?
498
Calculate the remainder when 43252 is divided by 21610.
32
What is the remainder when 67170 is divided by 33426?
318
What is the remainder when 85534 is divided by 140?
134
What is the remainder when 69775 is divided by 6461?
5165
Calculate the remainder when 919451 is divided by 131350.
1
What is the remainder when 10752080 is divided by 442?
430
What is the remainder when 1165681 is divided by 64735?
451
What is the remainder when 128195 is divided by 128153?
42
Calculate the remainder when 9449489 is divided by 18.
11
Calculate the remainder when 272118 is divided by 38870.
28
What is the remainder when 4445566 is divided by 88911?
16
Calculate the remainder when 32591536 is divided by 18.
16
Calculate the remainder when 8721483 is divided by 256514.
7
What is the remainder when 140862 is divided by 30?
12
Calculate the remainder when 1178027065 is divided by 330.
325
What is the remainder when 1318339 is divided by 12?
7
What is the remainder when 84431 is divided by 24?
23
Calculate the remainder when 17015 is divided by 4252.
7
What is the remainder when 1572206 is divided by 61?
53
What is the remainder when 323155 is divided by 1592?
1571
What is the remainder when 30615567 is divided by 243?
240
What is the remainder when 100979063 is divided by 3897?
3896
What is the remainder when 34808498 is divided by 828773?
32
Calculate the remainder when 92298 is divided by 92297.
1
What is the remainder when 22168001 is divided by 7389321?
38
Calculate the remainder when 836485 is divided by 278747.
244
What is the remainder when 227769 is divided by 424?
81
Calculate the remainder when 740999 is divided by 16834.
303
What is the remainder when 774386 is divided by 21504?
242
Calculate the remainder when 1646757 is divided by 274449.
63
What is the remainder when 18597412 is divided by 664192?
36
What is the remainder when 166240 is divided by 55120?
880
What is the remainder when 564308056 is divided by 153?
145
What is the remainder when 105449154 is divided by 1448?
2
What is the remainder when 20356 is divided by 3333?
358
What is the remainder when 446477 is divided by 446277?
200
What is the remainder when 9596524 is divided by 1975?
1974
Calculate the remainder when 2558752 is divided by 177.
40
Calculate the remainder when 115876482 is divided by 11.
7
What is the remainder when 232023271 is divided by 105083?
7
What is the remainder when 32536 is divided by 16127?
282
Calculate the remainder when 80336 is divided by 80209.
127
What is the remainder when 3155526 is divided by 14?
10
What is the remainder when 458745 is divided by 76457?
3
What is the remainder when 121970 is divided by 8712?
2
Calculate the remainder when 12874 is divided by 5338.
2198
Calculate the remainder when 833013 is divided by 41650.
13
Calculate the remainder when 10414114 is divided by 1981.
1978
What is the remainder when 35771723 is divided by 2428?
2427
What is the remainder when 1816291 is divided by 22147?
237
Calculate the remainder when 57757 is divided by 1085.
252
Calculate the remainder when 166021297 is divided by 98.
85
Calculate the remainder when 146829 is divided by 72414.
2001
Calculate the remainder when 2996921 is divided by 68111.
37
Calculate the remainder when 537265 is divided by 906.
7
What is the remainder when 269476 is divided by 10309?
1442
What is the remainder when 99800 is divided by 19946?
70
Calculate the remainder when 14942139 is divided by 160668.
15
Calculate the remainder when 2043238 is divided by 2550.
688
Calculate the remainder when 1786980 is divided by 162430.
250
Calculate the remainder when 241287 is divided by 14192.
23
Calculate the remainder when 36503329 is divided by 8357.
8310
Calculate the remainder when 72049213 is divided by 18012300.
13
What is the remainder when 8183281 is divided by 168?
1
Calculate the remainder when 1579043997 is divided by 6000.
5997
Calculate the remainder when 10627 is divided by 2124.
7
Calculate the remainder when 431513 is divided by 143821.
50
What is the remainder when 78110 is divided by 3238?
398
Calculate the remainder when 118030 is divided by 4875.
1030
Calculate the remainder when 1832395 is divided by 5520.
5275
Calculate the remainder when 4964977 is divided by 7614.
649
Calculate the remainder when 941003 is divided by 961.
184
Calculate the remainder when 55549534 is divided by 6.
4
What is the remainder when 920580 is divided by 183986?
650
What is the remainder when 3534289 is divided by 14?
3
What is the remainder when 107730683 is divided by 2151?
2150
What is the remainder when 20206036 is divided by 106?
104
Calculate the remainder when 428435 is divided by 47587.
152
Calculate the remainder when 4084414 is divided by 498.
316
What is the remainder when 81243818 is divided by 277?
272
Calculate the remainder when 187223 is divided by 755.
738
Calculate the remainder when 381602 is divided by 10312.
58
Calculate the remainder when 56314 is divided by 2574.
2260
Calculate the remainder when 10249506 is divided by 20499.
6
Calculate the remainder when 3103047 is divided by 620582.
137
What is the remainder when 4397320 is divided by 1938?
1936
Calculate the remainder when 20555612 is divided by 117.
116
What is the remainder when 405049 is divided by 404743?
306
What is the remainder when 1998505 is divided by 11355?
25
Calculate the remainder when 3744048 is divided by 763.
7
What is the remainder when 1189230 is divided by 22438?
16
Calculate the remainder when 1771025 is divided by 1973.
1244
What is the remainder when 8029 is divided by 2525?
454
What is the remainder when 78311474 is divided by 2985?
2984
What is the remainder when 66447080 is divided by 164?
20
Calculate the remainder when 1031945 is divided by 10978.
13
Calculate the remainder when 5576247 is divided by 31.
29
What is the remainder when 22016743 is divided by 76?
75
Calculate the remainder when 43799848 is divided by 10236.
4
What is the remainder when 4542997 is divided by 105651?
4
Calculate the remainder when 2128059 is divided by 22.
21
Calculate the remainder when 753694 is divided by 2348.
2334
Calculate the remainder when 10992 is divided by 10354.
638
What is the remaind